-2*u - 3*x - 2*x - 5, 3*u - 1 = x. Is o(u) composite?
False
Suppose c = 5*c - 1164. Is c a prime number?
False
Let y(a) be the second derivative of -a**5/20 - 5*a**4/12 + a. Let k be y(-5). Suppose k = -2*i - 21 + 63. Is i a prime number?
False
Let x(u) = -5*u + 5. Is x(-6) composite?
True
Let s(q) = -q**3 + 11*q**2 - 10*q + 2. Let k be s(10). Let y be (-5)/k*(-348)/10. Let h = -20 + y. Is h a composite number?
False
Let a(i) be the second derivative of i**7/1260 + i**6/90 + 3*i**5/40 + i**4/6 + 4*i. Let w(u) be the third derivative of a(u). Is w(-6) composite?
True
Let c be (1 - 3/2)*0. Suppose -m + 334 = -c*m. Is m a prime number?
False
Suppose -3*l - 6 = 4*w + 57, 2*l + 42 = 5*w. Let s = l + 41. Is 227/5 - (-12)/s composite?
True
Let w be 21*((-6)/(-9) + 0). Let d be ((-24)/w)/((-4)/224). Let r = -38 + d. Is r a prime number?
False
Suppose 3*r - 2*l = -l + 611, 0 = 3*r - 4*l - 617. Is r a composite number?
True
Suppose p - 2 = 1. Suppose -k + 79 = -p*z, k = -4*k + 3*z + 419. Is k prime?
False
Let r be -1 + 2 - (-3 - -2). Let a be 51/(-9) - r/(-3). Let v(h) = 2*h**2 + 2*h + 3. Is v(a) a composite number?
False
Let t(s) be the third derivative of 11*s**5/60 + s**4/24 + 2*s**3/3 + s**2. Let b be t(3). Let k = b - 51. Is k a prime number?
False
Is ((-16)/40 - 5343/5)/(-1) a composite number?
False
Let u(h) = 16*h**2 - 7*h + 2. Is u(7) prime?
False
Suppose -84*h = -81*h - 2865. Is h a composite number?
True
Let a be (-195)/2 - 9/(-18). Let w = a + 203. Is w a prime number?
False
Let y be 0/(1/(-1 - -2)). Suppose w = y, r - 259 = -0*w + 5*w. Is r composite?
True
Let k(j) = 19*j**2 + 59*j + 15. Is k(-13) a composite number?
False
Suppose d - 10 = -2*d - 5*q, -17 = -4*d - 3*q. Suppose -3*o = -0*h - h - 11, 0 = d*h + 4*o + 36. Let t = h + 47. Is t a prime number?
False
Is (226/4)/((-10)/(-20)) a prime number?
True
Let p(g) = g + 10. Let w be p(8). Let t(x) = 2*x**2 - 17*x - 11. Is t(w) a composite number?
False
Let x(d) = -76*d + 23. Is x(-5) prime?
False
Suppose 2*z - 242 = -2*m, -4*z + 3*z = -3*m + 355. Is m composite?
True
Let w(o) = 3*o - 6. Let m be w(4). Let r(h) = -5*h + 6. Let a(d) = d - 1. Let c(f) = 6*a(f) + r(f). Is c(m) a composite number?
True
Suppose 0 = -2*x - 2*x + 572. Is x composite?
True
Let u be 9111/6*(1 + 1). Suppose 4*p - 591 - u = 0. Is p a composite number?
False
Let m(f) = f**3 - f**2 + 8*f - 2. Suppose -30 = -3*t - 0*t. Suppose 2*a - 4*b = 2 + 6, -t = -a - 4*b. Is m(a) a prime number?
False
Let a = -5 - 1. Let z be ((-9)/1)/(a/28). Suppose 2*f - z = -0*f. Is f a prime number?
False
Let z(b) = -b**2 + 14*b - 19. Let o be z(13). Let y(u) = -2*u**3 - 5*u**2 + 5*u + 1. Is y(o) composite?
False
Let u(m) = 2*m**3 - 6*m**2 + 4*m + 3. Suppose 3*z - 16 = -4. Is u(z) composite?
True
Let a be 2/8 - (-217)/(-4). Is (-6414)/a + (-2)/(-9) composite?
True
Let a = -18 - -35. Let l = a - -34. Is l prime?
False
Suppose -17 = 5*b - 7, -1010 = 4*x - 3*b. Let h = -92 + -43. Let n = h - x. Is n a prime number?
False
Suppose -5*s + f - 30 = 2*f, -4*f - 35 = 3*s. Let r(u) = 8*u**2 - 8*u - 7. Is r(s) prime?
True
Let r = 100 - 57. Is r composite?
False
Suppose 0 = 3*i + 4 - 10. Suppose 1256 = 4*c + 5*z, 1579 = 5*c + 2*z + i*z. Is c composite?
True
Let c = 581 - 234. Is c a composite number?
False
Let o = 559 + -148. Suppose 3*x + 24 = o. Is x a prime number?
False
Let h = -35 - -73. Is h a composite number?
True
Suppose 0*d + d - 178 = 0. Suppose -b + 3*b = d. Is b a prime number?
True
Let z(o) = -o**2 + 6*o. Let d be z(5). Let w be (1 + 1)*91/2. Suppose -3*j - 238 = -d*b, 0 = -2*b - 5*j + 2*j + w. Is b a composite number?
False
Suppose 0*t = -t + s + 182, 0 = -5*t - 4*s + 946. Suppose f + 0*d + 100 = d, -3*f + 5*d = 306. Let g = f + t. Is g a composite number?
False
Let l(h) = -5*h - 1. Let c be l(-3). Let k be (1 + (-5 - -2))*c. Let g = k + 75. Is g prime?
True
Suppose 0 = 3*i - 1 - 8, 5*y + i - 4598 = 0. Is y a prime number?
True
Suppose -s + 3*s + 18 = -f, -4*s = -f. Let r be (-30)/f*(-344)/(-10). Suppose x + 3*t = 4*t + r, -4*x + 329 = t. Is x prime?
True
Suppose 4*c - 4 = 2*j + 10, 3*c - 15 = 3*j. Suppose 4*m = -3*u + 109, -m - 2*m = c*u - 73. Is u a prime number?
False
Let c be -5 + 3 - (1 + -3). Is -2*(c - 5)/1 composite?
True
Let j(g) = 196*g**2 - 6*g + 3. Let b be j(2). Suppose 4*a - b = -a. Is a composite?
True
Let y = 3 - -6. Suppose -582 = y*j - 11*j. Is j composite?
True
Let g(j) = -114*j**3 - j**2. Let l be (0 - -1)*10/(-10). Is g(l) a composite number?
False
Suppose 3*x + 20 = 134. Let q = 229 - x. Is q prime?
True
Let t(y) = -y**3 + 18*y**2 - 4*y - 10. Is t(17) a prime number?
True
Suppose 0 = -4*a + 684 + 1856. Is a prime?
False
Suppose -3*c = -5*c + 134. Is c prime?
True
Suppose -2*x + 365 = -457. Is x a composite number?
True
Let k be (-18)/(1 + -1 + -1). Suppose 6 = -4*u + k. Suppose 4*o = -z + u*z + 98, -2*o + 58 = -4*z. Is o a prime number?
True
Suppose 3*b = 4*s + 55, 4*s + 0*b + 3*b + 73 = 0. Let h = s + 27. Is h a composite number?
False
Suppose 12 = -l + 4*t - 0*t, -5*l - 180 = 4*t. Let f = 21 - l. Is f prime?
True
Suppose 0 = -3*p - 3*b + 18, -4*p + 4*b = 3*b - 24. Let h = 8 - p. Is 110/3 + h/6 prime?
True
Suppose -5*f + 5 = -o, -2*f = 4*o + 3*f - 30. Suppose 0 = -x + o + 14. Let z = x + 4. Is z prime?
True
Suppose 0 = 2*d - 4*b - 4, 0*d - 4*d + 5*b + 5 = 0. Suppose s - 6*s + 65 = d. Is s composite?
False
Let a be ((-2)/4)/((-14)/65296). Suppose 0 = -5*r + 9*r - a. Is r composite?
True
Let n = -782 - -1521. Is n a prime number?
True
Suppose -55*g - 20975 = -60*g. Is g a composite number?
True
Suppose 5*s = 5*j + 1095, -5*s + 1198 = 4*j + 76. Suppose 2*o = s - 0. Is o composite?
True
Suppose -h = -5, 5*c - 2*h - 239 - 776 = 0. Is c prime?
False
Let t(f) = -f + 23 + 24 + 37 + f**2 - f**3 - 8. Let a be t(0). Is (-21)/(-6)*(a + -2) prime?
False
Let k(n) = -4*n - 2. Let r be k(-3). Suppose 6*g - r = 5*g. Is g a composite number?
True
Let f = -273 - -580. Is f prime?
True
Let k(s) = 7*s**2 - 4*s - 1. Let b be 6/27 + 176/18. Suppose 3*u = 2 + b. Is k(u) a composite number?
True
Suppose 0*t - t = 0. Suppose -a - 5*q = -2*q - 440, -3*a - 2*q + 1327 = t. Is a a prime number?
True
Let g(n) = -2*n**3 - 5*n**2 + 9*n - 7. Is g(-7) composite?
True
Let f = 5 + -2. Let k = 226 - f. Is k composite?
False
Let m = -456 + 667. Is m a composite number?
False
Suppose j - 5*c + 6 = 0, -4*j = -5*c - 0 - 6. Let k(o) = 2*o**3 - 2*o**2 - 4*o - 3. Is k(j) a composite number?
True
Let b(c) = -c + 13. Let g be b(10). Suppose 2*d = -h + 31, g*h = -d + 2*d - 12. Is d a prime number?
False
Suppose 5*d + k = 3*k - 30, -4 = -4*d - 4*k. Let j = 6 + d. Is 0 + -1 + 17*j prime?
False
Suppose 6 + 4 = 5*f. Let z be 1*-3 + f + 6. Suppose 0 = -z*n - 10 + 40. Is n a composite number?
True
Suppose 3*j = 2*t - 6, 3*t = -2*j + 10 - 1. Suppose 4*z + 5 + t = 0. Is 54 - -1*(-2)/z prime?
False
Is -2 - -2 - 733*-3 a composite number?
True
Suppose 3*o = -2*p - 7 + 21, 0 = -p + o - 3. Let q = p + -2. Let k(j) = -54*j**3 - 2*j**2 + 1. Is k(q) a composite number?
False
Suppose 3*j - 530 = 463. Is j a prime number?
True
Is (-67)/(1/((-1)/1)) a composite number?
False
Suppose -3*h + 17 = -2*n, 2*h = -h + 3*n + 15. Let q = 4 + h. Is q a prime number?
True
Let n(x) = 55*x**2 + 10*x - 9. Is n(4) a composite number?
False
Let o = -376 - -669. Is o prime?
True
Is 1524/18*15/2 prime?
False
Let t(f) = -f + 8*f + 3 + 3 + 2*f**2 - 2. Is t(-9) a prime number?
True
Let t = 7 - 9. Let p(b) = 34*b**2 - 2*b + 1. Is p(t) prime?
False
Suppose 0 = -5*n - 6 + 1, 5*d - 18 = 3*n. Suppose 2*o - d*h - 95 = 0, o - 3*h = 2*h + 30. Is o a composite number?
True
Let r be -4*(-3)/(3/2). Suppose 4*x - 6*x = -r. Let d(p) = 2*p**2 - p - 2. Is d(x) a prime number?
False
Let f(s) be the second derivative of s**5/20 + 7*s**4/12 + 2*s**3/3 - s**2/2 - s. Is f(-3) a prime number?
True
Let x be 6/(-5)*(-60)/(-9). Let n be (53 + x)*(-2)/3. Let b = 61 - n. Is b a prime number?
False
Let g(a) = a**3 - 15*a**2 - 16*a + 7. Is g(16) composite?
False
Let n = 159 + 746. Is n composite?
True
Suppose -u + 9 = -10. Is u prime?
True
Let c = -812 - -1185. Is c a prime number?
True
Suppose 3*q - 342 = -111. Is q composite?
True
Let p(l) = l**2 - 4*l + 3. Let v = 5 - 2. Let b be p(v). Suppose b = -0*a - a + 53. Is a prime?
T